tors of 5806847254.
2, 13, 67, 197, 16921
List the prime factors of 195588142.
2, 37, 67, 103, 383
List the prime factors of 413577427.
19, 4409, 4937
What are the prime factors of 5285123?
113, 46771
What are the prime factors of 26543589?
3, 19, 211, 2207
What are the prime factors of 68094033?
3, 7, 3242573
What are the prime factors of 1088907388?
2, 272226847
What are the prime factors of 2330039583?
3, 53, 4884779
What are the prime factors of 1417857468?
2, 3, 118154789
List the prime factors of 229907388.
2, 3, 17, 307, 3671
List the prime factors of 1689953.
17, 99409
What are the prime factors of 279357592?
2, 34919699
What are the prime factors of 34339660?
2, 5, 17, 100999
What are the prime factors of 100963655?
5, 13, 1553287
What are the prime factors of 365437877?
7, 52205411
List the prime factors of 477331600.
2, 5, 1193329
What are the prime factors of 458876776?
2, 107, 661, 811
List the prime factors of 1462001.
1462001
What are the prime factors of 17285392?
2, 29, 37253
What are the prime factors of 2142389916?
2, 3, 19, 3132149
What are the prime factors of 107071883?
167, 367, 1747
List the prime factors of 612492625.
5, 4899941
What are the prime factors of 13254592?
2, 13, 89, 179
What are the prime factors of 540408825?
3, 5, 11, 97, 2251
What are the prime factors of 89186058?
2, 3, 13, 37, 10301
What are the prime factors of 827912732?
2, 79, 757, 3461
What are the prime factors of 1484058016?
2, 7, 1733, 3823
What are the prime factors of 20927994?
2, 3, 89, 39191
What are the prime factors of 3512341586?
2, 13, 135090061
List the prime factors of 166224807.
3, 7, 376927
List the prime factors of 317271728.
2, 19, 1043657
What are the prime factors of 68032074?
2, 3, 11, 59, 17471
What are the prime factors of 153929139?
3, 7, 13, 37, 311
List the prime factors of 840134701.
7, 191, 628373
List the prime factors of 1166415673.
1019, 1144667
What are the prime factors of 284704064?
2, 4448501
List the prime factors of 1077238574.
2, 83, 6489389
List the prime factors of 1563758674.
2, 19309, 40493
What are the prime factors of 5907690986?
2, 139, 21250687
What are the prime factors of 53377455?
3, 5, 313, 11369
What are the prime factors of 2173641812?
2, 37, 109, 134741
List the prime factors of 2667928902.
2, 3, 444654817
List the prime factors of 4140129043.
4140129043
What are the prime factors of 24842104?
2, 7, 443609
List the prime factors of 153410548.
2, 38352637
List the prime factors of 103606405.
5, 7, 149, 19867
List the prime factors of 184957681.
3923, 47147
What are the prime factors of 3226605684?
2, 3, 6529, 41183
List the prime factors of 854027732.
2, 19, 11237207
List the prime factors of 18317722.
2, 137, 66853
What are the prime factors of 1732600122?
2, 3, 11, 593, 44269
What are the prime factors of 294494933?
294494933
List the prime factors of 3096048801.
3, 461, 2238647
List the prime factors of 795533088.
2, 3, 7, 17, 83, 839
What are the prime factors of 226795550?
2, 5, 4535911
List the prime factors of 647336419.
571, 1133689
List the prime factors of 5889037113.
3, 654337457
What are the prime factors of 33399282?
2, 3, 7, 16229
List the prime factors of 7244262.
2, 3, 134153
List the prime factors of 336205170.
2, 3, 5, 7, 10891
What are the prime factors of 145995064?
2, 977, 18679
List the prime factors of 29325342.
2, 3, 1663, 2939
List the prime factors of 2203725685.
5, 7, 103, 611297
What are the prime factors of 44788775?
5, 1791551
List the prime factors of 1418521654.
2, 11, 64478257
What are the prime factors of 1606681075?
5, 64267243
What are the prime factors of 100998519?
3, 33666173
What are the prime factors of 10324875?
3, 5, 11, 2503
List the prime factors of 232707690.
2, 3, 5, 2585641
List the prime factors of 785219290.
2, 5, 17, 41, 112657
List the prime factors of 4714004764.
2, 7, 691, 243643
What are the prime factors of 191961808?
2, 11997613
List the prime factors of 214415075.
5, 7, 67, 18287
What are the prime factors of 3327775?
5, 11, 12101
What are the prime factors of 132489635?
5, 3499, 7573
What are the prime factors of 1138296759?
3, 4127, 91939
List the prime factors of 365657824.
2, 7, 461, 3541
List the prime factors of 4781613610.
2, 5, 9377, 50993
List the prime factors of 147496647.
3, 49165549
What are the prime factors of 195641122?
2, 97820561
List the prime factors of 611312365.
5, 19, 211, 30497
List the prime factors of 723750052.
2, 19, 661, 14407
List the prime factors of 936030223.
936030223
List the prime factors of 2238404980.
2, 5, 7, 97, 164831
List the prime factors of 127947.
3, 42649
What are the prime factors of 2062712209?
2062712209
List the prime factors of 396523595.
5, 13, 659, 9257
List the prime factors of 4553735435.
5, 910747087
List the prime factors of 29146448.
2, 31, 58763
What are the prime factors of 246150237?
3, 89, 921911
List the prime factors of 290123547.
3, 7, 17, 812671
List the prime factors of 8726706.
2, 3, 23, 107, 197
List the prime factors of 4975211789.
17, 41, 61, 117017
What are the prime factors of 475511794?
2, 17, 1439, 9719
What are the prime factors of 21343796?
2, 1223, 4363
What are the prime factors of 5737008?
2, 3, 47, 2543
What are the prime factors of 1721809333?
31321, 54973
What are the prime factors of 123940173?
3, 7, 19, 310627
List the prime factors of 2965483718.
2, 1482741859
What are the prime factors of 240793567?
7, 2801, 12281
What are the prime factors of 295456527?
3, 571, 57493
What are the prime factors of 94808531?
73, 1298747
What are the prime factors of 940204218?
2, 3, 151, 1037753
What are the prime factors of 77746588?
2, 1087, 17881
List the prime factors of 23476873.
7, 73, 45943
List the prime factors of 70258648.
2, 29, 31, 9769
List the prime factors of 1488340834.
2, 9749, 76333
What are the prime factors of 165214672?
2, 7, 359, 587
What are the prime factors of 245751027?
3, 139, 589331
What are the prime factors of 75472048?
2, 101, 46703
What are the prime factors of 650933719?
571, 1139989
List the prime factors of 111017938.
2, 6263, 8863
What are the prime factors of 51644377?
5483, 9419
What are the prime factors of 65438288?
2, 47, 173, 503
What are the prime factors of 55416685?
5, 17, 31, 21031
What are the prime factors of 99833855?
5, 11, 97, 18713
List the prime factors of 215792250.
2, 3, 5, 107, 2689
What are the prime factors of 177049237?
17, 2557, 4073
List the prime factors of 466362772.
2, 116590693
What are the prime factors of 143578612?
2, 181, 198313
List the prime factors of 306128441.
31, 337, 29303
What are the prime factors of 374992528?
2, 17, 81097
What are the prime factors of 101328328?
2, 1669, 7589
What are the prime factors of 15068757?
3, 11, 179, 2551
What are the prime factors of 41389873?
7, 29, 53, 3847
What are the prime factors of 103069056?
2, 3, 139, 1931
List the prime factors of 64440732.
2, 3, 5370061
What are the prime factors of 85288074?
2, 3, 19, 131, 5711
List the prime factors of 56055954.
2, 3, 9342659
What are the prime factors of 2033176352?
2, 139, 457099
List the prime factors of 132002029.
1361, 96989
What are the prime factors of 114426119?
397, 288227
List the prime factors of 11959514.
2, 7, 131, 6521
List the prime factors of 471040516.
2, 117760129
What are the prime factors of 216413053?
216413053
What are the prime factors of 1422976311?
3, 158108479
List the prime factors of 447649482.
2, 3, 7, 1483, 7187
List the prime factors of 131455813.
19, 107, 64661
What are the prime factors of 249674263?
6661, 37483
List the prime factors of 6494751054.
2, 3, 11, 137, 239429
List the prime factors of 5782711824.
2, 3, 29, 51287
What are the prime factors of 2021001767?
283, 7141349
What are the prime factors of 2464369964?
2, 7, 263, 334651
List the prime factors of 4307618623.
7, 11, 55943099
List the prime factors of 24735900.
2, 3, 5, 7, 11779
What are the prime factors of 215485381?
41, 5255741
What are the prime factors of 357687638?
2, 7, 11, 2322647
What are the prime factors of 76009815?
3, 5, 7, 227, 1063
What are the prime factors of 1770601165?
5, 19, 947, 19681
What are the prime factors of 52645350?
2, 3, 5, 281, 1249
List the prime factors of 481298578.
2, 14411, 16699
What